he second derivative of -13*d**3 + d**2/2 - 11*d. Is r(-1) prime?
True
Suppose 423*i - 429*i = -87726. Is i composite?
False
Let f = 1689 + -1208. Is f composite?
True
Let s be 5*(0 + 4 - 3). Suppose -35 = -4*f + s*z, f - 6*z + z + 10 = 0. Let n = 18 + f. Is n prime?
False
Let b be (-64796)/(-2) - (0 - -1)*-2. Suppose b = 7*g - 13709. Is g a composite number?
True
Suppose 0 = 5*u - 4*s - 2635, -5*s + 2590 = 5*u - 0*s. Suppose 127 = -3*k - 635. Let f = u + k. Is f composite?
False
Let v be -6*(-3)/12*-4. Let o be 0/((v/(-2))/(-3)). Suppose -12*z + 14*z - 98 = o. Is z a composite number?
True
Suppose -68544 = -22*k - 25226. Is k composite?
True
Let d(g) be the second derivative of -g**5/20 + 3*g**4/4 + 2*g**3/3 - 3*g**2/2 + g. Let w(n) = 3*n - 9. Let t be w(6). Is d(t) a prime number?
False
Let i = -4 + -2. Let v(p) = p**2 + 7*p + 6. Let g be v(i). Let x(m) = m**3 + m**2 + m + 263. Is x(g) composite?
False
Suppose -2*f - 3944 = -10*f. Is f prime?
False
Suppose 0*g + b = -g + 47, -5*g + 5*b + 235 = 0. Let y = g - 8. Is y a prime number?
False
Suppose 154172 = 195*x - 191*x. Is x prime?
True
Let i(v) be the second derivative of v**5/20 - 7*v**4/12 - 4*v**3/3 - 13*v**2/2 - 16*v. Is i(14) composite?
True
Suppose 2*h + 2*h + 1523 = z, -3*z - 3*h = -4569. Is z prime?
True
Let u(k) = 16*k. Let w be u(-4). Let x be (-21)/(-49) + w/(-14). Suppose -2*h - 386 - 643 = -x*y, -4*y - 5*h = -810. Is y prime?
False
Suppose -5 = -c - 2. Let o = c + 2. Suppose -z = -2*j - o*z + 912, -3*j = z - 1343. Is j a prime number?
False
Let h(y) = -y**2 + 13*y - 11. Let a(u) = -5*u - 3. Let c be a(-3). Let t be h(c). Is (-6)/4*(-23 + t) a prime number?
False
Let t(x) = 2*x**2 - 7*x + 1. Suppose 3*k - 5 = 10. Suppose k*b + 33 = 3*j - 0*b, -2*b - 24 = -3*j. Is t(j) a composite number?
False
Let h be 2 + (0 - -2) - -3. Suppose 0 = -3*s - 5*c + 2671, -2*s + 3*c = -2*c - 1789. Suppose 3*n = h*n - s. Is n prime?
True
Let t(b) = -5985*b + 44. Is t(-1) a prime number?
True
Let j = -6486 + 10055. Suppose j = 3*c + 5*g, 0 = c - 6*c - 2*g + 5961. Is c a composite number?
False
Suppose -5 = h - 16. Suppose 9247 = h*l - 5724. Is l a composite number?
False
Let h = 97 - 90. Let z(a) = 104*a + 29. Is z(h) a composite number?
False
Let s(b) = 2*b - 8. Let u be s(5). Let l = -911 + 1287. Suppose -l - 54 = -u*a. Is a composite?
True
Let t(h) = -2*h**3 + 3*h**2 + 3*h + 1. Let b be t(3). Let k = b - -102. Suppose -3*y + 91 = 2*a - 136, 4*a + k = y. Is y a composite number?
True
Suppose -4*j = -5*c - 0*c - 223, 3*c - 231 = -4*j. Is j prime?
False
Let c be (-3957)/(-30) + 10/100. Let t = c - 83. Is t a prime number?
False
Suppose 53*g = 43*g + 571850. Is g composite?
True
Let o(w) = 98*w**2 - 3*w + 16. Suppose 2*d = 3*q, 2*d - 14 - 2 = -5*q. Is o(d) prime?
False
Let x be ((-4220)/50)/(2/(-5)). Let f = x - 117. Is f a prime number?
False
Suppose -2*a - 4*d = -7076, 10598 = 3*a - 0*a + 2*d. Suppose -10*g + a = -8*g. Is g prime?
False
Suppose -9 = f - 4*f, -2*a = -3*f + 1. Let d(r) = 13*r**2 + 4*r - 1. Is d(a) prime?
True
Let o(t) be the second derivative of -22*t**3/3 + 19*t**2 - 29*t. Is o(-7) composite?
True
Suppose 5*f + 5*u - 40 = 0, -2*u - 61 = -f - 4*f. Suppose -f*j = -4*j - 2534. Is j composite?
True
Let a(t) = 13*t + 11 + 0 - t - t**2 + 3*t**3 - 4*t**3. Is a(-9) prime?
False
Let w be (5/((-5)/(-3)))/1. Let o(d) = d**3 - 1. Let q(h) = 2*h**3 - 12*h**2 + 4*h + 12. Let m(i) = w*o(i) - q(i). Is m(-12) a prime number?
False
Let p be (-2)/(-15) + 0 - (-511)/105. Is (1/1 + 0)/(p/475) a composite number?
True
Let l = -2915 - -4198. Is l composite?
False
Suppose 4*r + 5*q - 46 = 0, -4*q + 17 = 4*r - 3*r. Let a = r + 48. Suppose -4*o = -367 - a. Is o a prime number?
False
Let b(z) = 4 + 6 - 21*z - 4 - z**2 + 5. Let q = -32 - -23. Is b(q) a composite number?
True
Let l(q) = 375*q**2 - 5*q + 57. Is l(11) a composite number?
False
Let f = -1 + 1. Let a = 4 - f. Suppose 0*n = a*n - 1172. Is n a prime number?
True
Suppose -6*m + 36 = -15*m. Is (-7 + 5)*((-26614)/m)/(-7) a composite number?
False
Suppose 4*m - 2574 - 2490 = 0. Let u = -745 + m. Is u a prime number?
True
Suppose 29*f - 75963 - 170566 = 0. Is f a composite number?
False
Let g be -4 - (1 - (5 - 0)). Suppose -10*p + 4*p + 1554 = g. Is p a prime number?
False
Let f(u) = -609*u + 6. Is f(-7) composite?
True
Suppose -c + 5*v + 388 = 0, -c + 5*v = 2*c - 1134. Let n = c - 42. Is n prime?
True
Let t(f) = -f**3 - 15*f**2 - 14*f + 28. Let c be t(-14). Let q = -17 + c. Is q a prime number?
True
Suppose 2*r - 3*m - 759 = 0, 4*r - 1510 = -3*m + 35. Suppose -r = -5*y - 94. Is y prime?
False
Let q(g) = -38*g**3 + 6*g**2 + 19*g - 15. Is q(-14) a composite number?
False
Suppose 0 = -4*l + 5859 - 479. Suppose 7*v - l = 6*v. Is v a prime number?
False
Let r be (-4)/7 - (-144612)/182. Is 3 + -4 + 4 + 0 + r prime?
True
Let u be ((-7)/((-49)/(-8)))/((-8)/28). Suppose u*d - 3*z = d + 2031, d - 4*z - 677 = 0. Is d prime?
True
Let t be (-20)/(-30) - (-20)/6. Suppose -t*l + 72 = -268. Is l a prime number?
False
Suppose -3 = -g - 0. Let x(q) = 8*q + 5*q**2 + q**3 + 4*q**2 + g*q**2 - 7 + 0*q**2. Is x(-8) composite?
True
Let p be 13 - (-6 + 6 + -2). Suppose -2*d + 741 = -h, -5*h = -d + 381 - p. Is d a prime number?
False
Suppose 65*c - 14 = 63*c. Suppose 5*f - c*f = -398. Is f prime?
True
Is -7*(-72)/672*1115128/6 a composite number?
True
Suppose -2*n + 25559 = -s, 3*s = 3*n + s - 38341. Is n composite?
True
Suppose 2*h - 29237 = -b, -b + 0*b + 29255 = -4*h. Is b a composite number?
False
Let l be (-1)/2*-1*2. Let s(j) = 133*j**3 - j**2. Let y be s(l). Let g = y - 79. Is g prime?
True
Let s = 47 - 34. Suppose u - s + 10 = 0. Suppose -3*c + 3*z - 802 = -4081, -u*z - 4376 = -4*c. Is c prime?
True
Let l be (4/12)/((-1)/6). Let r be (l + 5)*(-6 - -7). Suppose -r*u - 68 = -5*z - 4*u, -77 = -5*z - 4*u. Is z prime?
True
Let t(j) = j + 91. Let g be (-1)/(-2)*0/2. Is t(g) prime?
False
Let o(q) = -q**3 - 8*q**2 - 7*q + 3. Let r be o(-7). Suppose 0*d + 3*d = -r. Is d/(-3*(-4)/(-4764)) a prime number?
True
Suppose -3*x - 31 = 4*m, -3*x + 0 = -4*m - 1. Is (-5 + 7)*(-2234)/m a prime number?
True
Let p be (1162/6 + (-1)/(-3))*24. Let i = p + -2747. Is i composite?
True
Suppose 3*p - 44050 = -0*h - 5*h, 5*h + 4*p = 44055. Let u = -4314 + h. Is u a composite number?
False
Suppose 0 = 6*i + 10 - 52. Suppose 2*v + 5205 = i*v. Is v prime?
False
Let v = -18 + 22. Let s(n) be the first derivative of n**4/4 + 5*n**3/3 - n - 1. Is s(v) composite?
True
Suppose 1691 = y + 2*y + 2*x, 3*x = 3. Is y prime?
True
Is 34*(-389)/4*(1 + -3) a composite number?
True
Let k(v) = v**2 - 4*v + 5. Let w be k(4). Suppose -6*a + w*a = 28. Let f = a - -59. Is f prime?
True
Let c(s) = 17*s**2 + 2*s + 14. Let i be 1 - 52/(-14) - 14/(-49). Is c(i) composite?
False
Let z be 10 - 12 - ((-1426)/2 - 0). Suppose 0 = -3*j, -2*i + 5*i = 2*j + z. Is i a composite number?
True
Let p(x) = x + 11. Let l be p(-8). Suppose 0 + 9 = l*v. Suppose -5*j - 250 = -4*i + 644, 458 = 2*i + v*j. Is i prime?
False
Is -4*839/2*10/(-20) prime?
True
Let h(j) = -22*j - 3. Let o = -59 - -55. Is h(o) a prime number?
False
Let b(s) = -12*s**3 - 3*s**2 - 8*s + 5. Let g be b(-5). Let f = g + -631. Is f prime?
True
Let a = 90 - 390. Let b = 5 - a. Is b a composite number?
True
Let v(i) = i**3 - 27*i**2 - 11*i - 97. Is v(28) prime?
True
Let m(y) = y**3 - 17*y**2 + 23*y - 48. Is m(19) composite?
True
Suppose -c + 22032 = 4*b, -22028 = -4*b + 5*c - 7*c. Is b a prime number?
False
Let m be ((-4)/(-10))/((-13)/(-2925)). Suppose 7*q + 6 = m. Suppose 0 = -4*l - q, -132 = -3*g + l - 27. Is g composite?
True
Let b be (3 - 7/5)*5. Suppose 0 = b*c - 5*c. Suppose 4*w + 4*a = 596, c*w + 4*w - 3*a = 568. Is w a composite number?
True
Let t = 341 - 166. Suppose y = -4*y + t. Is (y/(-10))/(2/(-44)) prime?
False
Let b(d) be the second derivative of d**3/6 - d**2/2 - 4*d. Let w be b(4). Is (-10)/(w*6/(-369)) a composite number?
True
Let h be 24/10*(-260)/3. Let w = -141 - h. Is w composite?
False
Let p(y) = 5*y**2 + 4*y. Let w(x) = 8*x**2 + 4*x - 4. Let s(l) = -l**2 + 1. Let n(a) = 4*s(a) + w(a). Let c(h) = -6*n(h) + 5*p(h). Is c(-7) a composite number?
True
Let l be -1 + (4/8)/1*2. Suppose -2*h = k + 1, 0*k - 4*h = 4*k - 8. Suppose -k*t + l*t = -805. Is t a prim